{"id":1318,"date":"2021-11-23T18:01:14","date_gmt":"2021-11-23T18:01:14","guid":{"rendered":"https:\/\/jednosceuropejska.org\/?page_id=1318"},"modified":"2021-11-23T21:50:10","modified_gmt":"2021-11-23T21:50:10","slug":"armia","status":"publish","type":"page","link":"https:\/\/jednosceuropejska.org\/index.php\/armia\/","title":{"rendered":"Armia"},"content":{"rendered":"<p>[et_pb_section fb_built=&#8221;1&#8243; _builder_version=&#8221;4.13.1&#8243; _module_preset=&#8221;default&#8221; global_colors_info=&#8221;{}&#8221; theme_builder_area=&#8221;post_content&#8221;][et_pb_row column_structure=&#8221;1_4,1_2,1_4&#8243; _builder_version=&#8221;4.13.1&#8243; _module_preset=&#8221;default&#8221; global_colors_info=&#8221;{}&#8221; theme_builder_area=&#8221;post_content&#8221;][et_pb_column type=&#8221;1_4&#8243; _builder_version=&#8221;4.13.1&#8243; _module_preset=&#8221;default&#8221; global_colors_info=&#8221;{}&#8221; theme_builder_area=&#8221;post_content&#8221;][et_pb_image src=&#8221;https:\/\/jednosceuropejska.org\/wp-content\/uploads\/2021\/07\/EUM-godlo-2-bez-obramowania.png&#8221; title_text=&#8221;EUM godlo 2 &#8211; bez obramowania&#8221; align=&#8221;right&#8221; _builder_version=&#8221;4.14.0&#8243; _module_preset=&#8221;default&#8221; max_height=&#8221;100px&#8221; global_colors_info=&#8221;{}&#8221; theme_builder_area=&#8221;post_content&#8221;][\/et_pb_image][\/et_pb_column][et_pb_column type=&#8221;1_2&#8243; _builder_version=&#8221;4.13.1&#8243; _module_preset=&#8221;default&#8221; global_colors_info=&#8221;{}&#8221; theme_builder_area=&#8221;post_content&#8221;][et_pb_text _builder_version=&#8221;4.14.0&#8243; _module_preset=&#8221;default&#8221; custom_margin=&#8221;30px||||false|false&#8221; text_text_shadow_style=&#8221;preset4&#8243; text_text_shadow_color=&#8221;#EDF000&#8243; global_colors_info=&#8221;{}&#8221; theme_builder_area=&#8221;post_content&#8221;]<\/p>\n<h1 style=\"text-align: center;\"><strong>EUM<\/strong><\/h1>\n<p>[\/et_pb_text][\/et_pb_column][et_pb_column type=&#8221;1_4&#8243; _builder_version=&#8221;4.13.1&#8243; _module_preset=&#8221;default&#8221; global_colors_info=&#8221;{}&#8221; theme_builder_area=&#8221;post_content&#8221;][et_pb_image src=&#8221;https:\/\/jednosceuropejska.org\/wp-content\/uploads\/2021\/07\/EUM-godlo-2-bez-obramowania.png&#8221; title_text=&#8221;EUM godlo 2 &#8211; bez obramowania&#8221; _builder_version=&#8221;4.14.0&#8243; _module_preset=&#8221;default&#8221; module_alignment=&#8221;left&#8221; max_height=&#8221;100px&#8221; global_colors_info=&#8221;{}&#8221; theme_builder_area=&#8221;post_content&#8221;][\/et_pb_image][\/et_pb_column][\/et_pb_row][et_pb_row column_structure=&#8221;1_5,3_5,1_5&#8243; _builder_version=&#8221;4.13.1&#8243; _module_preset=&#8221;default&#8221; global_colors_info=&#8221;{}&#8221; theme_builder_area=&#8221;post_content&#8221;][et_pb_column type=&#8221;1_5&#8243; _builder_version=&#8221;4.13.1&#8243; _module_preset=&#8221;default&#8221; global_colors_info=&#8221;{}&#8221; theme_builder_area=&#8221;post_content&#8221;][et_pb_image src=&#8221;https:\/\/jednosceuropejska.org\/wp-content\/uploads\/2021\/11\/SN-32-Zmiana-frontu-templok-v2.jpg&#8221; title_text=&#8221;Templok&#8221; align=&#8221;right&#8221; _builder_version=&#8221;4.14.0&#8243; _module_preset=&#8221;default&#8221; max_height=&#8221;100px&#8221; hover_enabled=&#8221;0&#8243; global_colors_info=&#8221;{}&#8221; theme_builder_area=&#8221;post_content&#8221; sticky_enabled=&#8221;0&#8243;][\/et_pb_image][\/et_pb_column][et_pb_column type=&#8221;3_5&#8243; _builder_version=&#8221;4.13.1&#8243; _module_preset=&#8221;default&#8221; global_colors_info=&#8221;{}&#8221; theme_builder_area=&#8221;post_content&#8221;][et_pb_text _builder_version=&#8221;4.14.0&#8243; _module_preset=&#8221;default&#8221; text_text_color=&#8221;#000000&#8243; custom_margin=&#8221;25px||||false|false&#8221; hover_enabled=&#8221;0&#8243; text_text_shadow_style=&#8221;preset5&#8243; text_text_shadow_color=&#8221;#EDF000&#8243; global_colors_info=&#8221;{}&#8221; theme_builder_area=&#8221;post_content&#8221; sticky_enabled=&#8221;0&#8243;]<\/p>\n<h1 style=\"text-align: center;\"><strong>Armia<br \/><\/strong><\/h1>\n<p style=\"text-align: center;\"><strong>(oraz inne formacje mundurowe)<\/strong><\/p>\n<p>[\/et_pb_text][\/et_pb_column][et_pb_column type=&#8221;1_5&#8243; _builder_version=&#8221;4.13.1&#8243; _module_preset=&#8221;default&#8221; global_colors_info=&#8221;{}&#8221; theme_builder_area=&#8221;post_content&#8221;][et_pb_image src=&#8221;https:\/\/jednosceuropejska.org\/wp-content\/uploads\/2021\/11\/SN-32-Zmiana-frontu-templok-v2.jpg&#8221; title_text=&#8221;Templok&#8221; _builder_version=&#8221;4.14.0&#8243; _module_preset=&#8221;default&#8221; max_height=&#8221;100px&#8221; hover_enabled=&#8221;0&#8243; global_colors_info=&#8221;{}&#8221; theme_builder_area=&#8221;post_content&#8221; sticky_enabled=&#8221;0&#8243;][\/et_pb_image][\/et_pb_column][\/et_pb_row][et_pb_row column_structure=&#8221;1_5,3_5,1_5&#8243; _builder_version=&#8221;4.14.0&#8243; _module_preset=&#8221;default&#8221; global_colors_info=&#8221;{}&#8221; theme_builder_area=&#8221;post_content&#8221;][et_pb_column type=&#8221;1_5&#8243; _builder_version=&#8221;4.13.1&#8243; _module_preset=&#8221;default&#8221; global_colors_info=&#8221;{}&#8221; theme_builder_area=&#8221;post_content&#8221;][\/et_pb_column][et_pb_column type=&#8221;3_5&#8243; admin_label=&#8221;Tekst&#8221; _builder_version=&#8221;4.14.0&#8243; _module_preset=&#8221;default&#8221; use_background_color_gradient=&#8221;on&#8221; background_color_gradient_start=&#8221;rgba(255,255,255,0.9)&#8221; background_color_gradient_end=&#8221;rgba(255,255,255,0)&#8221; background_color_gradient_type=&#8221;radial&#8221; background_color_gradient_start_position=&#8221;50%&#8221; background_color_gradient_end_position=&#8221;125%&#8221; global_colors_info=&#8221;{}&#8221; theme_builder_area=&#8221;post_content&#8221;][et_pb_text _builder_version=&#8221;4.14.0&#8243; _module_preset=&#8221;default&#8221; hover_enabled=&#8221;0&#8243; global_colors_info=&#8221;{}&#8221; theme_builder_area=&#8221;post_content&#8221; sticky_enabled=&#8221;0&#8243;]<\/p>\n<p>Obecnie Polska poprzez dzia\u0142ania obecnej w\u0142adzy pr\u00f3buje sta\u0107 si\u0119 najwi\u0119kszym i najlepszym sojusznikiem USA. Porzucaj\u0105c ca\u0142kowicie poczucie godno\u015bci i dumy narodowej, pr\u00f3buje sta\u0107 si\u0119 przydupasem Stan\u00f3w. Dlaczego? Pytam Was, Polacy \u2013 czy Polska kiedykolwiek mia\u0142a lub b\u0119dzie mie\u0107 w daj\u0105cej si\u0119 przewidzie\u0107 przysz\u0142o\u015bci WP\u0141YW na polityk\u0119 i dzia\u0142ania USA?! Aktualnie Stany realizuj\u0105 JAWNIE doktryn\u0119 \u201eAmerica First\u201d (So, in general speaking, where is Poland?). Tak wi\u0119c je\u015bli USA wywo\u0142aj\u0105 wojn\u0119 z Chinami, to Polacy \u201eza wolno\u015b\u0107 nasz\u0105, a g\u0142\u00f3wnie Wasz\u0105\u201d b\u0119d\u0105 dzielnie walczy\u0107 na Morzu Po\u0142udniowochi\u0144skim. Po\u015blemy nasze dzieci do walki wsz\u0119dzie tam, gdzie USA b\u0119dzie to na r\u0119k\u0119? Ba, je\u015bli spojrze\u0107 na to z drugiej strony, je\u015bli rzeczywi\u015bcie ameryka\u0144ski prezydent dzia\u0142a\u0142by pod wp\u0142ywem polskich w\u0142adz, to straci\u0142by stanowisko jako podejrzany o realizowanie polityki nie swojego (a wi\u0119c USA) pa\u0144stwa.<\/p>\n<p>O wiele lepiej by\u0142oby zatem powo\u0142a\u0107 armi\u0119 europejsk\u0105, kt\u00f3ra s\u0142u\u017cy\u0142aby do ochrony naszych (w tym i polskich) interes\u00f3w, a na kt\u00f3rej dzia\u0142ania (i kierunki tych\u017ce) Polacy mieliby realny wp\u0142yw poprzez udzia\u0142 we w\u0142adzach federacji europejskiej. Trudno? Nie a\u017c tak bardzo \u2013 wi\u0119kszo\u015b\u0107 armii pa\u0144stw europejskich nale\u017cy do NATO, wi\u0119c u\u017cywa tych samych rozwi\u0105za\u0144 (zw\u0142aszcza w zakresie amunicji, komponent\u00f3w, struktur dowodzenia), co stanowi dobre pod\u0142o\u017ce do powo\u0142ania wsp\u00f3lnej struktury. Armia taka finansowana by by\u0142a z bud\u017cetu europejskiego. Wbrew pozorom istnieje jeszcze prostszy spos\u00f3b stworzenia armii europejskiej, zw\u0142aszcza w jej\u00a0 symbolicznym znaczeniu. Pozwala on omin\u0105\u0107 problemy zwi\u0105zane z brakiem mo\u017cliwo\u015bci realnego funkcjonowania (patrz punkt ni\u017cej \u2013 bud\u017cet europejski) \u2013 wystarczy, \u017ce armie narodowe zostan\u0105 przemianowane na oddzia\u0142y armii europejskiej \u2013 tak wi\u0119c Bundeswehra b\u0119dzie oddzia\u0142em niemieckim armii europejskiej, tak samo jak Wojsko Polskie \u2013 oddzia\u0142em polskim armii europejskiej.<br \/><span style=\"text-decoration: underline;\">To samo mo\u017cna uczyni\u0107 na przyk\u0142ad ze Stra\u017c\u0105 Graniczn\u0105. Wtedy w razie kryzysu migracyjnego mo\u017cna by przesun\u0105\u0107 polskie, francuskie czy szwedzkie oddzia\u0142y stra\u017cy granicznej na pomoc kolegom z W\u0142och, Hiszpanii czy Grecji (dopisek 2021 &#8211; czy Polski!)<\/span>.<\/p>\n<p>Cz\u0119\u015b\u0107 z Was pewnie powie, \u017ce to fantastyka, a obecnie NATO jest gwarantem bezpiecze\u0144stwa\u2026 Ot\u00f3\u017c jest, ale coraz s\u0142abszym. Po pierwsze, NATO wywodzi si\u0119 z porz\u0105dku, kt\u00f3ry ju\u017c nie istnieje. Po drugie, liczebno\u015b\u0107 ameryka\u0144skich wojsk na terenie Europy jest systematycznie zmniejszana (mimo odmiennych zapewnie\u0144). Po trzecie, USA, jak najnowsza historia wskazuje, maj\u0105 tendencj\u0119 do WYCHODZENIA ze struktur mi\u0119dzynarodowych, o ile nie spe\u0142niaj\u0105 kryteri\u00f3w \u201eAmerica First\u201d. Tak\u017ce ze struktur, kt\u00f3re same wsp\u00f3\u0142tworzy\u0142o:<\/p>\n<p>\u2013 2017 \u2013 USA wychodz\u0105 z Rady Praw Cz\u0142owieka ONZ (UNHRC);<\/p>\n<p>\u2013 2020 \u2013 USA opuszczaj\u0105 \u015awiatow\u0105 Organizacj\u0119 Zdrowia (WHO). Nawiasem m\u00f3wi\u0105c, to nie jest tak, \u017ce WHO ma jak\u0105\u015b swoj\u0105 polityczn\u0105 agend\u0119. WHO koordynuje dzia\u0142ania na rzecz poprawy\/ochrony zdrowia. Mi\u0119dzy innymi dzi\u0119ki kodom ICD mo\u017cliwe jest ponadnarodowe zrozumienie, na co chory jest dany pacjent, a to daje mo\u017cliwo\u015b\u0107 kontynuacji leczenia. Przyk\u0142ad: Polak dozna\u0142 urazu na wyje\u017adzie do Tajlandii, tam by\u0142 zaopatrzony. Dosta\u0142 wypis ze szpitala w j\u0119zyku tajskim! Przyje\u017cd\u017ca do Polski \u2013 sam nie wie, jak i na co dok\u0142adnie by\u0142 leczony. Tajski w Polsce trudno zrozumie\u0107, ale na wypisie standardowo umieszcza si\u0119 kody ICD (w pi\u015bmie \u0142aci\u0144skim). Dzi\u0119ki temu lekarz polski ju\u017c wie, na co i jak pacjent by\u0142 leczony i mo\u017ce kontynuowa\u0107 terapi\u0119\u2026<\/p>\n<p>\u2013 20?? \u2013 USA wychodzi z NATO?! Je\u015bli USA wyjdzie z NATO, to co pozostanie? Co prawda w 2021 roku nast\u0105pi\u0142a zmiana doktryny z &#8222;Make America great again&#8221; na &#8222;Make America moral again&#8221;, ale to dla Polski nadal problem. W tym wypadku nasz najwi\u0119kszy sojusznik mo\u017ce zerwa\u0107 z nami umowy, stwierdzaj\u0105c, \u017ce nie dotrzymujemy jego standard\u00f3w moralnych (a wi\u0119c LGBT, s\u0105downictwo, praworz\u0105dno\u015b\u0107 i inne) i nikt mu nic nie zarzuci, bo to my b\u0119dziemy winni.<\/p>\n<p>Dlatego trzeba stworzy\u0107 siln\u0105 armi\u0119 europejsk\u0105. Podstawy harmonizacji ju\u017c s\u0105. Jest jeszcze jedna rzecz \u2013 pisa\u0142em ju\u017c wielokrotnie, \u017ce dla nas, Polak\u00f3w, ca\u0142y czas zagro\u017ceniem b\u0119dzie rosyjski nied\u017awied\u017a. Ot\u00f3\u017c je\u015bli \u2013 co powoduj\u0105 dzia\u0142ania naszych obecnych w\u0142adz \u2013 zostajemy geopolitycznie sami, to nawet maj\u0105c wielokrotnie silniejsz\u0105, nowocze\u015bniejsz\u0105 armi\u0119, nie mamy szans z Rosj\u0105. Prosty przyk\u0142ad \u2013 lotnictwo. Ot\u00f3\u017c nawet maj\u0105c setki (a nie mamy) samolot\u00f3w, w przypadku konfliktu, je\u015bli b\u0119d\u0105 one mog\u0142y startowa\u0107 i l\u0105dowa\u0107 tylko z terytorium Polski \u2013 to wszystkie zostan\u0105 str\u0105cone ju\u017c w pierwszych dniach konfliktu (A ile \u201ezielone ludziki\u201d na Ukrainie postr\u0105ca\u0142y samolot\u00f3w ukrai\u0144skich?). Rosyjska obrona przeciwlotnicza \u2013 w tym rakiety przeciwlotnicze z obwodu kaliningradzkiego \u2013 ma zasi\u0119g kilkuset kilometr\u00f3w\u2026 Dobrze wi\u0119c je\u015bli powracaj\u0105cy po misji samolot m\u00f3g\u0142by l\u0105dowa\u0107 dalej \u2013 poza terenem Polski. \u00a0<\/p>\n<p>\u015awi\u0119te Niemcy &#8211; Addenum 2 &#8211; EUM str 517<\/p>\n<p>[\/et_pb_text][et_pb_text _builder_version=&#8221;4.14.0&#8243; _module_preset=&#8221;default&#8221; hover_enabled=&#8221;0&#8243; global_colors_info=&#8221;{}&#8221; theme_builder_area=&#8221;post_content&#8221; sticky_enabled=&#8221;0&#8243;]<\/p>\n<h3>Dodatek obecny (2021.11)<\/h3>\n<p>Pisali\u015bmy w 2020r:<\/p>\n<p>&#8222;To samo mo\u017cna uczyni\u0107 na przyk\u0142ad ze Stra\u017c\u0105 Graniczn\u0105. Wtedy<br \/>w razie kryzysu migracyjnego mo\u017cna by przesun\u0105\u0107 polskie,<br \/>francuskie czy szwedzkie oddzia\u0142y stra\u017cy granicznej na pomoc<br \/>kolegom z W\u0142och, Hiszpanii czy Grecji.&#8221;<\/p>\n<p>Teraz wystarczy\u0142oby przerzuci\u0107 odpowiednie si\u0142y na wschodni\u0105 granic\u0119 Unii&#8230;<\/p>\n<p>Ale skoro ka\u017cde pa\u0144stwo, szczeg\u00f3lnie Polska &#8222;wstani\u0119ta z kolan&#8221; ma sobie radzi\u0107 sama&#8230;<\/p>\n<p>Z drugiej strony, teraz w 2021 roku, prosz\u0105c o pomoc, mo\u017cemy dosta\u0107 odpowied\u017a &#8211; szczeg\u00f3lnie od W\u0142och\u00f3w, Grek\u00f3w i innych narod\u00f3w po\u0142udniowych: &#8211; a jak nam pomagali\u015bcie wcze\u015bniej? Wypi\u0119li\u015bcie si\u0119 na nas&#8230;<\/p>\n<p>Dodatkowo jest kwestia bud\u017cetu unijnego &#8211; je\u015bli jest on u\u0142amkiem procenta naszych pi\u0119ni\u0119dzy, organizacje typu Frontex (~unijna s\u0142u\u017cba celna) mog\u0105 by\u0107 co najwy\u017cej &#8222;cia\u0142ami doradczymi&#8221; dostarczaj\u0105cych jak\u017ce nam zawsze potrzebnych analiz i sprawozda\u0144&#8230; i niczym wi\u0119cej.<\/p>\n<p>&nbsp;<\/p>\n<h4>Dlaczego nie (tylko) NATO?<\/h4>\n<p>Cz\u0119\u015bciowo przytaczaj\u0105c argumenty wcze\u015bniejsze:<\/p>\n<p>&#8211; sojusz to g\u0142\u00f3wnie USA, a interesy Polski nie zawsze s\u0105 zgodne z interesami Stan\u00f3w<\/p>\n<p>&#8211; sojusz i jego doktryna pochodzi ze starego uk\u0142adu, kt\u00f3rego ju\u017c nie ma, a powoli? pojawiaj\u0105 si\u0119 nowi gracze. Rozk\u0142ad si\u0142 i akcent\u00f3w staje si\u0119 inny. Sytuacja ta troch\u0119 przypomina sytuacj\u0119 sprzed I Wojny \u015awiatowej&#8230; Stare uk\u0142ady udaj\u0105, \u017ce s\u0105, a tymczasem nowe si\u0119 tworz\u0105. Jak wszyscy wiemy po wojnie nast\u0105pi\u0142o znaczne przetasowanie (przyk\u0142adowo rozpad Ausro-W\u0119gier). Niestety, Polska z jej po\u0142o\u017ceniem geograficznym, dodatkowo &#8222;wstani\u0119ta z kolan&#8221; przy takich przetasowaniach mo\u017ce dosta\u0107 g\u0142\u00f3wnie w d&#8230; Ja (my) nie chcemy bra\u0107 udzia\u0142u w wojnie, nie chcemy te\u017c aby nasze dzieci bra\u0142y w niej udzia\u0142 (poza grami komputerowymi) &#8211; realna wojna to realne zabijanie&#8230; Powinni\u015bmy si\u0119 zabezpieczy\u0107, a nic tak nie zabezpiecza jak pot\u0119\u017cny sprzymierzeniec, a najlepiej staj\u0105ca za nami pote\u017cna organizacja, bowiem sprzymierzeniec &#8211; co znamy ze swojej historii &#8211; mo\u017ce mie\u0107 tendencje do &#8222;dziwnej wojny&#8221;&#8230;<\/p>\n<p>&nbsp;<\/p>\n<p>[\/et_pb_text][\/et_pb_column][et_pb_column type=&#8221;1_5&#8243; _builder_version=&#8221;4.13.1&#8243; _module_preset=&#8221;default&#8221; global_colors_info=&#8221;{}&#8221; theme_builder_area=&#8221;post_content&#8221;][\/et_pb_column][\/et_pb_row][\/et_pb_section]<\/p>\n","protected":false},"excerpt":{"rendered":"<p>EUMArmia (oraz inne formacje mundurowe)Obecnie Polska poprzez dzia\u0142ania obecnej w\u0142adzy pr\u00f3buje sta\u0107 si\u0119 najwi\u0119kszym i najlepszym sojusznikiem USA. Porzucaj\u0105c ca\u0142kowicie poczucie godno\u015bci i dumy narodowej, pr\u00f3buje sta\u0107 si\u0119 przydupasem Stan\u00f3w. Dlaczego? Pytam Was, Polacy \u2013 czy Polska kiedykolwiek mia\u0142a lub b\u0119dzie mie\u0107 w daj\u0105cej si\u0119 przewidzie\u0107 przysz\u0142o\u015bci WP\u0141YW na polityk\u0119 i dzia\u0142ania USA?! Aktualnie Stany [&hellip;]<\/p>\n","protected":false},"author":2,"featured_media":0,"parent":0,"menu_order":0,"comment_status":"closed","ping_status":"closed","template":"","meta":{"_et_pb_use_builder":"on","_et_pb_old_content":"","_et_gb_content_width":"","footnotes":""},"class_list":["post-1318","page","type-page","status-publish","hentry"],"yoast_head":"<!-- This site is optimized with the Yoast SEO plugin v17.7.1 - https:\/\/yoast.com\/wordpress\/plugins\/seo\/ -->\n<title>Armia - EUM<\/title>\n<meta name=\"robots\" content=\"index, follow, max-snippet:-1, max-image-preview:large, max-video-preview:-1\" \/>\n<link rel=\"canonical\" href=\"https:\/\/jednosceuropejska.org\/index.php\/armia\/\" \/>\n<meta property=\"og:locale\" content=\"pl_PL\" \/>\n<meta property=\"og:type\" content=\"article\" \/>\n<meta property=\"og:title\" content=\"Armia - EUM\" \/>\n<meta property=\"og:description\" content=\"EUMArmia (oraz inne formacje mundurowe)Obecnie Polska poprzez dzia\u0142ania obecnej w\u0142adzy pr\u00f3buje sta\u0107 si\u0119 najwi\u0119kszym i najlepszym sojusznikiem USA. Porzucaj\u0105c ca\u0142kowicie poczucie godno\u015bci i dumy narodowej, pr\u00f3buje sta\u0107 si\u0119 przydupasem Stan\u00f3w. Dlaczego? Pytam Was, Polacy \u2013 czy Polska kiedykolwiek mia\u0142a lub b\u0119dzie mie\u0107 w daj\u0105cej si\u0119 przewidzie\u0107 przysz\u0142o\u015bci WP\u0141YW na polityk\u0119 i dzia\u0142ania USA?! Aktualnie Stany [&hellip;]\" \/>\n<meta property=\"og:url\" content=\"https:\/\/jednosceuropejska.org\/index.php\/armia\/\" \/>\n<meta property=\"og:site_name\" content=\"EUM\" \/>\n<meta property=\"article:modified_time\" content=\"2021-11-23T21:50:10+00:00\" \/>\n<meta name=\"twitter:card\" content=\"summary_large_image\" \/>\n<script type=\"application\/ld+json\" class=\"yoast-schema-graph\">{\"@context\":\"https:\/\/schema.org\",\"@graph\":[{\"@type\":\"WebSite\",\"@id\":\"https:\/\/jednosceuropejska.org\/#website\",\"url\":\"https:\/\/jednosceuropejska.org\/\",\"name\":\"EUM\",\"description\":\"European Unity Movement\",\"potentialAction\":[{\"@type\":\"SearchAction\",\"target\":{\"@type\":\"EntryPoint\",\"urlTemplate\":\"https:\/\/jednosceuropejska.org\/?s={search_term_string}\"},\"query-input\":\"required name=search_term_string\"}],\"inLanguage\":\"pl-PL\"},{\"@type\":\"WebPage\",\"@id\":\"https:\/\/jednosceuropejska.org\/index.php\/armia\/#webpage\",\"url\":\"https:\/\/jednosceuropejska.org\/index.php\/armia\/\",\"name\":\"Armia - EUM\",\"isPartOf\":{\"@id\":\"https:\/\/jednosceuropejska.org\/#website\"},\"datePublished\":\"2021-11-23T18:01:14+00:00\",\"dateModified\":\"2021-11-23T21:50:10+00:00\",\"breadcrumb\":{\"@id\":\"https:\/\/jednosceuropejska.org\/index.php\/armia\/#breadcrumb\"},\"inLanguage\":\"pl-PL\",\"potentialAction\":[{\"@type\":\"ReadAction\",\"target\":[\"https:\/\/jednosceuropejska.org\/index.php\/armia\/\"]}]},{\"@type\":\"BreadcrumbList\",\"@id\":\"https:\/\/jednosceuropejska.org\/index.php\/armia\/#breadcrumb\",\"itemListElement\":[{\"@type\":\"ListItem\",\"position\":1,\"name\":\"Strona g\\u0142\\u00f3wna\",\"item\":\"https:\/\/jednosceuropejska.org\/\"},{\"@type\":\"ListItem\",\"position\":2,\"name\":\"Armia\"}]}]}<\/script>\n<!-- \/ Yoast SEO plugin. -->","yoast_head_json":{"title":"Armia - EUM","robots":{"index":"index","follow":"follow","max-snippet":"max-snippet:-1","max-image-preview":"max-image-preview:large","max-video-preview":"max-video-preview:-1"},"canonical":"https:\/\/jednosceuropejska.org\/index.php\/armia\/","og_locale":"pl_PL","og_type":"article","og_title":"Armia - EUM","og_description":"EUMArmia (oraz inne formacje mundurowe)Obecnie Polska poprzez dzia\u0142ania obecnej w\u0142adzy pr\u00f3buje sta\u0107 si\u0119 najwi\u0119kszym i najlepszym sojusznikiem USA. Porzucaj\u0105c ca\u0142kowicie poczucie godno\u015bci i dumy narodowej, pr\u00f3buje sta\u0107 si\u0119 przydupasem Stan\u00f3w. Dlaczego? Pytam Was, Polacy \u2013 czy Polska kiedykolwiek mia\u0142a lub b\u0119dzie mie\u0107 w daj\u0105cej si\u0119 przewidzie\u0107 przysz\u0142o\u015bci WP\u0141YW na polityk\u0119 i dzia\u0142ania USA?! Aktualnie Stany [&hellip;]","og_url":"https:\/\/jednosceuropejska.org\/index.php\/armia\/","og_site_name":"EUM","article_modified_time":"2021-11-23T21:50:10+00:00","twitter_card":"summary_large_image","schema":{"@context":"https:\/\/schema.org","@graph":[{"@type":"WebSite","@id":"https:\/\/jednosceuropejska.org\/#website","url":"https:\/\/jednosceuropejska.org\/","name":"EUM","description":"European Unity Movement","potentialAction":[{"@type":"SearchAction","target":{"@type":"EntryPoint","urlTemplate":"https:\/\/jednosceuropejska.org\/?s={search_term_string}"},"query-input":"required name=search_term_string"}],"inLanguage":"pl-PL"},{"@type":"WebPage","@id":"https:\/\/jednosceuropejska.org\/index.php\/armia\/#webpage","url":"https:\/\/jednosceuropejska.org\/index.php\/armia\/","name":"Armia - EUM","isPartOf":{"@id":"https:\/\/jednosceuropejska.org\/#website"},"datePublished":"2021-11-23T18:01:14+00:00","dateModified":"2021-11-23T21:50:10+00:00","breadcrumb":{"@id":"https:\/\/jednosceuropejska.org\/index.php\/armia\/#breadcrumb"},"inLanguage":"pl-PL","potentialAction":[{"@type":"ReadAction","target":["https:\/\/jednosceuropejska.org\/index.php\/armia\/"]}]},{"@type":"BreadcrumbList","@id":"https:\/\/jednosceuropejska.org\/index.php\/armia\/#breadcrumb","itemListElement":[{"@type":"ListItem","position":1,"name":"Strona g\u0142\u00f3wna","item":"https:\/\/jednosceuropejska.org\/"},{"@type":"ListItem","position":2,"name":"Armia"}]}]}},"_links":{"self":[{"href":"https:\/\/jednosceuropejska.org\/index.php\/wp-json\/wp\/v2\/pages\/1318","targetHints":{"allow":["GET"]}}],"collection":[{"href":"https:\/\/jednosceuropejska.org\/index.php\/wp-json\/wp\/v2\/pages"}],"about":[{"href":"https:\/\/jednosceuropejska.org\/index.php\/wp-json\/wp\/v2\/types\/page"}],"author":[{"embeddable":true,"href":"https:\/\/jednosceuropejska.org\/index.php\/wp-json\/wp\/v2\/users\/2"}],"replies":[{"embeddable":true,"href":"https:\/\/jednosceuropejska.org\/index.php\/wp-json\/wp\/v2\/comments?post=1318"}],"version-history":[{"count":4,"href":"https:\/\/jednosceuropejska.org\/index.php\/wp-json\/wp\/v2\/pages\/1318\/revisions"}],"predecessor-version":[{"id":1326,"href":"https:\/\/jednosceuropejska.org\/index.php\/wp-json\/wp\/v2\/pages\/1318\/revisions\/1326"}],"wp:attachment":[{"href":"https:\/\/jednosceuropejska.org\/index.php\/wp-json\/wp\/v2\/media?parent=1318"}],"curies":[{"name":"wp","href":"https:\/\/api.w.org\/{rel}","templated":true}]}}